d(5).
-8
Let r(s) = 3*s - 40. Give r(5).
-25
Let p(r) = 4*r**2 - 10*r + 11. Calculate p(2).
7
Let m(n) = n**2 + 11*n - 27. What is m(-13)?
-1
Let z(k) = -9*k - 8. Calculate z(-5).
37
Let z(m) = -m**2 - 9*m + 7. Give z(0).
7
Let x(z) = -z**3 - z**2 + 10*z - 1. Determine x(3).
-7
Let k(a) = -10*a**2 - a. Calculate k(1).
-11
Let l(s) = -s**3 + 2*s**2 + 18*s + 12. Calculate l(6).
-24
Let k(h) = -h**3 - 14*h**2 + 50*h - 25. Determine k(-17).
-8
Let h(z) = z**3 + 2*z**2 + 3*z. What is h(-2)?
-6
Let z(p) = -9*p**3 + 2*p**2 + 3*p + 2. Give z(-1).
10
Let t(r) = -r**3 - 7*r**2 + 9*r - 13. Determine t(-8).
-21
Let g(z) = 10*z + 3. Determine g(9).
93
Let a(s) = -12*s - 50. Calculate a(-5).
10
Let k(o) = -o**2 + 14*o - 18. Calculate k(11).
15
Let i(z) = z**3 - 42*z**2 + 41*z - 7. Calculate i(41).
-7
Let d(a) = a**2 - 29*a + 45. Give d(28).
17
Let q(u) = -2*u**2 - 66*u - 121. What is q(-31)?
3
Let w(m) = m**3 + 3*m**2 - 6*m + 2. Give w(-5).
-18
Let v(w) = 12*w - 25. Calculate v(6).
47
Let z(v) = v**3 - 10*v**2 + 14*v + 8. Give z(8).
-8
Let l(r) = 32*r - 66. Give l(2).
-2
Let b(f) = 6*f + 28. Calculate b(-7).
-14
Let r(v) = -4*v - 69. Give r(-17).
-1
Let z(o) = o**3 - 9*o**2 + 10*o + 17. Calculate z(8).
33
Let o(p) = p**2 - 131*p - 399. What is o(-3)?
3
Let x(i) = -2*i + 31. Give x(2).
27
Let h(o) = o**2 - 10*o + 13. Determine h(8).
-3
Let k(g) = -3*g**3 + 2*g**2 - 1. Calculate k(-1).
4
Let n(k) = -k**3 - 16*k**2 - 28*k + 16. Give n(-14).
16
Let w(g) = 5*g + 61. Give w(-9).
16
Let g(y) = -y**3 - 18*y**2 + 18*y - 4. Determine g(-19).
15
Let h(y) = -2*y**2 + 7*y + 2. Give h(5).
-13
Let h(o) = 9*o**2 - 208*o + 17. Calculate h(23).
-6
Let s(b) = b**3 - 7*b**2 + 5*b + 5. Calculate s(6).
-1
Let p(o) = 3*o - 13. Determine p(9).
14
Let d(t) = -t**3 - 7*t**2 - 5*t + 8. Calculate d(-5).
-17
Let q(p) = -15*p + 1. Give q(-4).
61
Let c(r) = -r**3 - 11*r**2 + 26*r - 14. What is c(-13)?
-14
Let b(t) = t**2 - 4*t. Calculate b(4).
0
Let h(o) = -3*o. Determine h(-5).
15
Let r(p) = -13*p**2 + 2*p - 1. What is r(2)?
-49
Let s(g) = -2*g**2 + 9*g - 3. Give s(6).
-21
Let t(r) = -41*r - 3. Determine t(-4).
161
Let w(s) = s + 21. Give w(-12).
9
Let k(x) = -5*x - 3. Calculate k(-3).
12
Let t(v) = -v**2 + 12*v - 25. Give t(5).
10
Let w(m) = -m**3 + 6*m**2 - 5*m - 9. What is w(3)?
3
Let z(d) = -d**2 - d + 5. Calculate z(-4).
-7
Let j(q) = q**3 - q**2 + 3*q - 2. Determine j(2).
8
Let v(p) = -p**2 - 12*p - 19. What is v(-9)?
8
Let o(f) = -5*f. Calculate o(-4).
20
Let j(g) = 10*g + 1. Calculate j(2).
21
Let f(z) = -z**3 + 6*z**2 + z + 3. Give f(6).
9
Let q(x) = x**3 + 6*x**2 - 2*x + 5. Give q(-4).
45
Let c(f) = -2*f**2 - 2*f - 3. Give c(-3).
-15
Let r(l) = -6*l + 23. Determine r(0).
23
Let j(i) = 4*i**2 + 9*i + 25. Determine j(-3).
34
Let j(h) = h**3 - 3*h**2 + 3*h. Calculate j(2).
2
Let n(z) = 3*z**2 + 28*z + 14. Determine n(-10).
34
Let p(d) = -d**3 + 8*d**2 - 13*d - 5. Give p(5).
5
Let k(c) = 2*c + 34. Determine k(-11).
12
Let h(w) = -w**3 + 3*w + 3. Calculate h(3).
-15
Let r(b) = 6*b**3 - 2*b**2 - b + 2. What is r(2)?
40
Let u(r) = -3*r - 62. What is u(-16)?
-14
Let v(l) = 4*l - 146. Determine v(41).
18
Let l(o) = o**3 + 4*o**2 + 3*o + 2. Calculate l(-3).
2
Let f(g) = -g**3 - 2*g**2 + 3*g + 4. Determine f(-3).
4
Let r(t) = 30*t - 1746. Determine r(58).
-6
Let d(c) = -c**2 - 22*c - 52. Determine d(-19).
5
Let m(i) = -i**3 - 13*i**2 - 21*i + 3. Determine m(-11).
-8
Let n(f) = -2*f - 3. Determine n(-7).
11
Let p(n) = -n**2 + 10*n - 6. What is p(6)?
18
Let z(s) = -6*s + 71. What is z(31)?
-115
Let b(j) = j**3 + 2*j**2 + 2*j + 2. Calculate b(-1).
1
Let h(d) = -2*d**2 + 27*d - 22. What is h(13)?
-9
Let c(g) = -g**3 - g**2 + g - 6. Calculate c(-3).
9
Let n(t) = -5*t**2 + 31*t - 27. Calculate n(5).
3
Let x(b) = 2*b**3 + 8*b**2 + 3*b - 4. Give x(-5).
-69
Let v(x) = 3*x - 11. Calculate v(11).
22
Let s(i) = 8*i - 152. Give s(18).
-8
Let j(v) = -v**2 + 2*v + 7. Give j(5).
-8
Let k(j) = -j**2 + 7*j + 7. Calculate k(10).
-23
Let u(h) = h**3 - 18*h**2 + 26*h + 90. Calculate u(16).
-6
Let a(g) = -5*g**3 + 3*g - 1. What is a(2)?
-35
Let z(t) = t**2 + 15*t - 18. Give z(-15).
-18
Let q(n) = -n**2 + 17. Give q(4).
1
Let x(b) = -b**3 + 14*b**2 - 25*b + 13. Give x(12).
1
Let x(h) = h**2 - 8*h - 9. Calculate x(7).
-16
Let f(v) = -3*v + 3. Calculate f(7).
-18
Let g(j) = -j**2 + 14*j - 20. Give g(13).
-7
Let x(n) = 28*n + 76. Determine x(-3).
-8
Let t(k) = 8*k + 173. Determine t(-21).
5
Let q(u) = 2*u**2 - 10*u + 17. Determine q(4).
9
Let y(l) = -l**2 - 7*l - 8. Calculate y(-6).
-2
Let z(d) = 2*d**3 - 23*d**2 - 14*d + 30. What is z(12)?
6
Let h(s) = -s**2 - 24*s + 39. Calculate h(-24).
39
Let l(x) = -x**3 + 2*x**2 + 14*x - 7. Calculate l(4).
17
Let f(i) = i**3 + i**2 + 2*i + 4. Give f(-3).
-20
Let q(j) = -2*j**2 - 8*j - 7. Calculate q(-5).
-17
Let i(h) = -h**3 + 23*h**2 - 131*h + 15. Determine i(10).
5
Let u(y) = -y**2 - 8*y - 9. Calculate u(-7).
-2
Let v(j) = 3*j**2 - 2*j - 7. Give v(-5).
78
Let m(u) = u**2 - u - 32. What is m(5)?
-12
Let j(g) = 6*g**2 + 33*g - 20. Give j(-6).
-2
Let p(l) = l**3 - 8*l**2 - 47*l + 1. Determine p(-4).
-3
Let n(s) = s - 17. What is n(8)?
-9
Let u(h) = -15*h - 18. Calculate u(-6).
72
Let h(d) = d - 12. Give h(-12).
-24
Let a(q) = -10*q - 433. Give a(-43).
-3
Let d(h) = h**3 - 9*h**2 + 10*h - 2. Give d(7).
-30
Let p(t) = -t**3 - 3. What is p(-2)?
5
Let p(n) = 3*n**3 + 3*n**2 + n + 9. Determine p(-3).
-48
Let s(k) = -k - 27. What is s(-22)?
-5
Let j(r) = 2*r**2 + 22*r - 27. What is j(-12)?
-3
Let q(a) = -a + 11. Calculate q(8).
3
Let q(j) = -j**2 + 2*j + 9. What is q(-4)?
-15
Let p(k) = 25*k + 194. What is p(-8)?
-6
Let l(t) = -2*t**2 + 39*t - 24. Give l(19).
-5
Let g(k) = -38*k - 99. What is g(-6)?
129
Let l(p) = -p**3 + 5*p**2 + 5*p - 24. Determine l(6).
-30
Let l(o) = 6*o - 198. Calculate l(33).
0
Let f(b) = -3*b + 18. Calculate f(3).
9
Let c(k) = k**3 - 4*k**2 - 9*k + 10. Determine c(5).
-10
Let s(v) = -v**2 - 3*v + 12. Give s(-5).
2
Let j(v) = 2*v**2 + 65*v - 112. Give j(-34).
-10
Let l(i) = -i**3 + 5*i**2 - 2*i - 7. What is l(3)?
5
Let v(h) = -h**3 - 16*h**2 - 17*h + 5. Determine v(-15).
35
Let i(d) = 2*d + 2. Give i(-4).
-6
Let z(o) = -o**3 - 11*o**2 - 11*o + 14. Determine z(-10).
24
Let c(l) = -l**3 + 12*l**2 - 11*l + 7. Determine c(11).
7
Let b(a) = -a**2 - a - 18. Determine b(-3).
-24
Let r(k) = -k**3 - 7*k**2 - 5*k + 3. Calculate r(-6).
-3
Let z(n) = -n**2 + 6. Determine z(-5).
-19
Let v(a) = -a**3 + 5*a**2 - 7*a + 24. Determine v(4).
12
Let b(g) = -g**3 + 2*g**2 - 2*g + 4. Give b(2).
0
Let t(v) = -22*v**2 + 1. Determine t(1).
-21
Let q(f) = f - 20. Determine q(11).
-9
Let d(g) = -g**3 + 15*g**2 - 13*g - 21. Give d(14).
-7
Let p(i) = i**2 + 14*i + 3. Determine p(-14).
3
Let p(u) = -5*u - 115. Calculate p(-21).
-10
Let w(f) = 19*f - 7. Determine w(-2).
-45
Let m(r) = 7*r - 47. Calculate m(9).
16
Let z(a) = -9*a + 43. Calculate z(4).
7
Let n(k) = 10*k**2 + 5*k + 1. Determine n(-1).
6
Let y(z) = z**3 + z + 6. Calculate y(0).
6
Let d(k) = 4*k**3 - 4*k - 2. Give d(-2).
-26
Let d(j) = -j**3 + j**2 - 7*j + 13. Give d(4).
-63
Let i(q) = -8*q + 1. Calculate i(-3).
25
Let a(m) = -m**3 - 7*m**2 - 4*m + 2. Determine a(-6).
-10
Let b(w) = w**3 - 16*w**2 + 32*w - 38. What is b(14)?
18
Let z(x) = -x**3 + 14*x**2 + 2*x - 9. Calculate z(14).
19
Let q(r) = 7*r + 96. What is q(-27)?
-93
Let z(a) = a**2 - 4*a - 87. Determine z(0).
-87
Let l(v) = -2*v**2 + 15*v - 36. Calculate l(12).
-144
Let d(z) = -z**3 - 2*z**2 + 16*z. Calculate d(-5).
-5
Let b(w) = -w**3 + 27*w + 12. Calculate b(-5).
2
Let b(i) = -i**3 + 4*i**2 - 2. What is b(1)?
1
Let a(o) = -2*o + 3. What is a(5)?
-7
Let w(c) = -21*c - 126. Calculate w(-6).
0
Let j(c) = 3*c + 1. Determine j(3).
10
Let m(p) = -p - 13. Give m(4).
-17
Let a(k) = -k**3 - 3*k**2 + 3*k - 3. Give a(-4).
1
Let s(v) = -3*v**2 - 2*v - 1. Give s(-1).
-2
Let c(m) = -3*m**2 + 38*m + 77. Determine c(-2).
-11
Let n(i) = i**3 - 6*i**2 - i - 9. Calculate n(7).
33
Let t(b) = -4*b - 1. Calculate t(1).
-5
Let d(j) = -j**2 - 6*j - 16. Calculate d(-3).
-7
Let m(q) = q**3 - 8*q**2 - 22*q + 15. Calculate m(10).
-5
Let i(o) = -58*o**2 + 174*o + 8. Give i(3).
8
Let d(s) = -3*s - 97. Give d(-38).
17
Let x(g) = 38*g**2 + g. What is x(1)?
39
Let j(f) = f**3 + 10*f**2 - f + 4